- 666*o - 64 = 0. Let t(w) = -3*w**2 - 3*w + 6. Calculate t(o).
-54
Let v = 250 + -253. Let j(g) = g + 2*g + 0*g + g**2 + 1 + g. Calculate j(v).
-2
Let h(t) = 2*t - 6 + 23 - 9 - 5. Calculate h(7).
17
Let r(a) = -a**3 + 5*a**2 - 2*a + 7. Suppose 64 = -9*v + 91. Determine r(v).
19
Let z(c) = -5*c - 9. Let v(x) = 5*x + 10. Let i(j) = -6*v(j) - 7*z(j). Let t(q) = q**2 - 4*q - 2. Suppose -7*k + 32 = 4. Let m be t(k). Give i(m).
-7
Let c(t) = -t**3 + 5*t**2 - 3*t + 4. Suppose 2*v = 29 - 21. Suppose -v*s + 22 = 2*o, -s + 0*s + 5*o - 11 = 0. What is c(s)?
8
Let j(q) = -3*q**3 + 2*q**2 - 3*q - 3. Let v be j(-1). Let u(y) = y**2 - y + 5. What is u(v)?
25
Let g(v) = 0*v + 2 - 8 - v - 2*v. What is g(-4)?
6
Let k(p) = 40*p**2 - 84*p**2 + p**3 + 41*p**2 + 2. Determine k(2).
-2
Let i(c) = c**3 + 10*c**2 - 12*c - 7. Let m be i(-11). Let g(p) = -5*p**2 + 5*p**2 - 3 - 5*p + 2*p**2 + 0*p**2. What is g(m)?
9
Let l = 5 + -10. Let x(j) = j**3 - 9*j**2 - 8. Let t(u) = u**2 + u + 1. Let c(a) = l*t(a) - x(a). Give c(3).
-3
Let y(c) = 12*c. Let b(n) = -38*n. Let a(z) = 5*b(z) + 16*y(z). Determine a(-1).
-2
Let u(f) = -3*f**3 + 3*f**3 - 9*f**2 + 2*f**2 - 3 + 3*f - f**3 + 5*f**2. Determine u(-3).
-3
Let d(v) = 2*v**3 - v. Let n(o) = -o**2 - 11*o - 12. Let a be n(-10). What is d(a)?
-14
Let f be (-51 + 50)*3*-3. Let j(a) = -a**2 + 7*a + 4. What is j(f)?
-14
Let p(c) = 2*c - 2. Suppose -4*d - 2*y = 3*y - 15, 2*d - 9 = -y. Let t(o) = o - 1. Let z(f) = d*p(f) - 7*t(f). Give z(4).
9
Suppose 5*f = 2*m, -82 = 5*m - 57. Let d(v) = 3*v**3 + 2*v**2 + 2*v - 3. Let c(s) = 4*s**3 + 2*s**2 + 3*s - 4. Let k(n) = -2*c(n) + 3*d(n). Calculate k(f).
-1
Let x(p) = -p**3 - 2*p**2 + 1. Let k(t) = 15*t - 91. Let q be k(6). Calculate x(q).
0
Let r = 4 - 2. Let m(b) = 4*b**3 - 13*b - 3*b**r - 6*b**3 + b**3 + 19*b + 3. Let t(s) = 5*s**3 - s**2 - 5*s - 3. Let n be t(-1). What is m(n)?
-5
Let z(h) be the third derivative of 5/6*h**3 + 0*h + 0 - 1/24*h**4 - h**2. Let c(w) = 10*w**2 - 92*w + 23. Let f be c(9). Calculate z(f).
0
Let a(w) be the first derivative of -7/2*w**2 + 1/3*w**3 + 7 + 7*w. Determine a(6).
1
Suppose 0*q = -4*q + i + 6, -2*q = -2*i. Let v(m) = -m**3 - 3*m. Let y(d) = 3*d**3 - d**2 + 7*d. Let f(b) = q*y(b) + 5*v(b). Calculate f(3).
6
Suppose 5 = -7*d + 19. Let y(n) = 8*n**2 + 16*n**2 - 42*n**d + 15*n**2 - 7*n - 1 + n**3. Give y(5).
14
Let p(h) be the first derivative of h**2/2 - 3*h - 251. Suppose -12 = -5*c + c. Give p(c).
0
Let p(w) = -w - 760 + 756 - w**2 - 6*w. What is p(-6)?
2
Suppose -2*m - 9 = -5*m. Let a(o) = -m*o**2 - 11*o**3 + 2 + 10*o**3 + 11*o**2 - 8*o + 0*o**2. Give a(7).
-5
Let z(n) = 6*n**3 + 12*n**2 + n + 6. Let a(w) be the first derivative of -w**4/4 - w**3/3 + w**2/2 - w - 5. Let h(d) = 5*a(d) + z(d). What is h(-6)?
1
Let x be (-4)/12*-9*1. Let c(a) = -x*a - 7*a - 2 + 12*a. Calculate c(-3).
-8
Let g(c) = -c + 3. Suppose 18*r + 14*r = -96. Suppose -o - o = -4. Let v be (-9 - r) + 2/o. Calculate g(v).
8
Let b(c) be the third derivative of 0*c + 1/120*c**6 + 0 - 1/24*c**4 - 1/30*c**5 + 1/6*c**3 - 6*c**2. Determine b(2).
-1
Let z(n) = n**2 - 9*n + 4. Suppose 0 = -43*x + 230 + 28. What is z(x)?
-14
Let p(g) = g**3 + 3*g**2 - 2*g - 6. Let t be 1*(-8)/(-10)*-10. Let u = 3 + t. Let l = u - -1. Give p(l).
-14
Let o(j) = -54296 - 3*j + j + 54324. Determine o(16).
-4
Let q(j) = j - 1. Let s(v) = 4*v - 3. Let f(c) = -3*q(c) + s(c). Let z = -67 + 67. Determine f(z).
0
Let w(s) = 7*s - 4 + 12*s - 17*s. What is w(3)?
2
Let t(c) = -c**2 + 7*c - 7. Let h be t(5). Let o(w) = -37*w**2 + w**h + 1 - w + 37*w**2. Let k be 1*8/(1 - -3). What is o(k)?
7
Let j(v) = -6*v**2 + 7*v + 10. Let r(g) = -g**2 + g + 1. Let q(l) = j(l) - 5*r(l). Suppose 1 = o, -o + 0 = -a + 3. Calculate q(a).
-3
Suppose -3*s - 29 = 2*s - 3*m, 3*m - 15 = 3*s. Let l(o) = -o - o + o + 0. Let q be l(s). Let z(d) = d + 1. What is z(q)?
8
Let g(w) be the third derivative of -w**6/240 + w**5/60 - 5*w**4/6 - 4*w**2. Let x(a) be the second derivative of g(a). Give x(8).
-22
Let n(z) = 15*z + 7. Let f be n(5). Let y(t) = 3*t - 41*t**3 + f*t**3 - 3 - 42*t**3. Suppose k - 2*o + 0 = 12, -4*o = -4*k + 28. Determine y(k).
-5
Let t(c) = -c**3 + 1 - 13*c**2 - c + 7*c**2 + 5*c**2. Suppose q = 4*r + 1, 5*r - 3*q + 5 = 2*q. Determine t(r).
1
Let g(d) be the first derivative of 3*d**2/2 + 3*d + 8. What is g(3)?
12
Let b be (-1 - -2)/(1/(-3)). Let w(a) = -a**3 + a**2. Let i(r) = 2*r**3 + 2*r**2 - 3. Let y = 19 - 20. Let n(p) = y*i(p) - w(p). Determine n(b).
3
Let r be (-1)/(-1*(-1 - 0)). Let d be (4 + r)/(3/5). Let g be 0/(-2 + d + -2). Let j(n) = n + 12. Calculate j(g).
12
Suppose 2*r - r = 3*v + 2, 0 = -2*v + 3*r + 1. Let i(o) be the third derivative of 0*o + 1/6*o**3 + 0 - 1/4*o**4 + 7*o**2. Determine i(v).
7
Let v(j) = 3*j**2 - 3*j**2 + 234 - 233 - 2*j**2 - 13*j**3. Calculate v(1).
-14
Suppose -u + 2*d = 3*d - 7, 0 = 5*u - 2*d - 56. Suppose 2*w = 3*z - 30, 5*w - u = -z + 2*w. Let p = z - 14. Let c(g) = g**2 + 5*g + 6. Calculate c(p).
2
Let v(g) be the first derivative of -g**2 + g - 7/2*g**4 + 0*g**3 - 2. Give v(1).
-15
Let u(y) = -3*y + 1. Let v(t) = 3*t - 3. Let g(z) = -5*u(z) - 4*v(z). Calculate g(6).
25
Let s(r) be the third derivative of -1/120*r**6 - 9*r**2 - 1/15*r**5 + 1/6*r**3 + 1/6*r**4 + 0*r + 0. Calculate s(-5).
6
Let v(o) be the second derivative of -o**6/120 + o**5/10 - o**4/6 + o**3/3 - o**2 - 4*o. Let z(s) be the first derivative of v(s). Determine z(5).
7
Let g(h) = 24*h - 16. Let x(f) = -2*f + 1. Let v(n) = 2*g(n) + 22*x(n). What is v(7)?
18
Let m(y) = -y**3 - 18*y**2 + 24*y + 44. Let o be m(-19). Let s = -52 - o. Let j(c) = 5*c**3. Give j(s).
-5
Let g be 3/(-2) + 119/(-14). Let h = g + 9. Let j be 1 - (3 - 4 - h). Let x(q) = -5*q + 1. Calculate x(j).
-4
Let h = -13 + 15. Let b(t) = -t + 1 - h - 6*t + 6*t. Determine b(4).
-5
Let m(k) be the first derivative of -7/2*k**2 - 2*k - 8. Calculate m(-3).
19
Let p(i) = i**3 - 1 - 19*i**2 + 1 + 35*i**2 - 7*i**2 + 8 + 13*i. Determine p(-8).
-32
Let i = 8 + -8. Let n(a) = -a + 25. What is n(i)?
25
Let u = -25 + 21. Let r(b) = 2*b**2 - 6*b - 1. Let o(n) = 3*n**2 - 11*n - 3. Let v(x) = -3*o(x) + 5*r(x). Determine v(u).
8
Let k = -32 - -8. Let f = 29 + k. Let o(b) = b**3 + b**2 - 2*b + 3*b - 4 - 6*b**2. Determine o(f).
1
Suppose 41 = -5*t + 111. Let k = t - 12. Let o(c) = 7*c**2 - 2 - c - 8*c**k - 7*c. Calculate o(-7).
5
Let x(u) = -6 - 13 - 6*u - 12*u - 32*u**2 + 30*u**2. Let k be x(-8). Let m(z) = -4*z + 0 - 3 + 0. What is m(k)?
9
Let d(v) = -4*v - 12. Let h be d(-3). Suppose 8 = 4*s - 8. Suppose m = 2*z - h*z - 1, -m - z = s. Let k(b) = -b + 1. Calculate k(m).
4
Suppose -5*a - l - l - 44 = 0, 5*a - 5*l + 30 = 0. Let t = a - -12. Suppose -18 = t*g - g. Let v(q) = -3*q - 9. Calculate v(g).
9
Let m = -333 - -339. Let y(d) = -3*d - 2. Give y(m).
-20
Suppose 12 = 5*x - x. Let g(q) = -33 + 33 - q**2 + q**x. What is g(1)?
0
Let c(y) = y + 2. Let h = -15 + 9. Let p be 36/24*(-8)/h. Give c(p).
4
Let d(g) = 4*g**3 + 3*g**2 - 2. Let f be d(1). Let y(u) = -2*u**2 + 3*u - 3. What is y(f)?
-38
Suppose -3*t + 0*t + 25 = 5*w, -2*w = -4. Suppose t*g + j + 22 = 0, 4 = -2*j - 0. Let i(h) = -h**3 - 4*h**2 - h - 5. What is i(g)?
-1
Let q(y) be the third derivative of y**4/24 - y**3/2 - 17*y**2 - 9*y. Suppose -k - 30 = 4*k. Give q(k).
-9
Let a(q) = 2*q**2 - 9*q. Let g be a(4). Let o be (g + (-4)/(-8))*-2. Let n(i) = i**2 - 7*i + 3. Give n(o).
3
Let o be 2*(5 + (-42)/12). Let t(z) = -z**2 + z + 6. Determine t(o).
0
Let p(x) = -2*x + 28. Let j be 7 - 1/(5/(-35)). Determine p(j).
0
Let v(r) be the second derivative of -r**5/20 - r**4/2 - 5*r**3/6 - r**2 - r. Let y = -8269 - -8264. Give v(y).
-2
Let x = 20 - 13. Let r(u) be the second derivative of 0 - 1/12*u**4 + 1/2*u**2 + u + u**3. Determine r(x).
-6
Let q(c) be the third derivative of c**5/60 + c**4/12 + c**3/6 + c**2. Suppose 5*u - 79 = 4*m - 84, -2*m = 0. Calculate q(u).
0
Let p = -12 + 16. Suppose -u + p = -5*u. Let h(s) = -4*s**3 + 4*s - 16. Let q(d) = d**3 - d + 1. Let x(b) = u*h(b) - 3*q(b). Give x(0).
13
Let a(g) be the third derivative of g**6/240 + 19*g**4/12 + g**3/6 - g**2 + 7*g. Let w(y) be the second derivative of a(y). Suppose 5*h = 1 + 4. What is w(h)?
3
Let m(x) = 3*x - 11. Let w(j) = -3*j + 11. Let v(f) = -3*m(f) - 4*w(f). Wh